Select a Year or Month report
Report for 2023 Aug
MONTHLY CLIMATOLOGICAL SUMMARY for APR. 2022
NAME: Heraklion Port Weather Station CITY: Heraklion Port STATE:
ELEV: 5 m LAT: 35 36' 00" N LONG: 25 12' 00" E
TEMPERATURE (C), RAIN (mm), WIND SPEED (km/hr)
HEAT COOL AVG
MEAN DEG DEG WIND DOM
DAY TEMP HIGH TIME LOW TIME DAYS DAYS RAIN SPEED HIGH TIME DIR
------------------------------------------------------------------------------------
1 21.9 26.1 14:00 19.2 22:30 0.0 3.6 0.0 21.6 95.0 11:00 SSE
2 17.7 20.8 10:00 16.1 5:00 0.9 0.2 0.0 6.8 25.7 8:30 ENE
3 17.2 19.8 12:30 15.3 7:00 1.3 0.2 0.0 6.3 20.9 1:00 NE
4 17.7 22.8 00:00 13.7 6:30 1.4 0.8 0.0 8.2 38.6 21:00 ENE
5 20.3 26.7 9:00 16.5 00:00 0.4 2.4 0.0 17.4 59.5 9:00 WNW
6 16.7 18.4 16:00 15.6 7:30 1.6 0.0 0.0 9.7 25.7 23:00 N
7 20.7 29.8 12:30 15.7 1:00 0.6 3.0 0.0 15.9 72.4 14:30 SSE
8 17.2 20.7 18:30 15.2 00:00 1.1 0.0 3.6 20.6 62.8 1:30 W
9 16.9 19.5 18:30 14.4 6:30 1.5 0.1 0.0 7.7 25.7 18:00 SSE
10 18.2 24.5 12:30 13.5 5:00 1.4 1.2 0.0 10.3 43.5 23:30 S
11 15.4 17.1 1:00 14.3 00:00 2.8 0.0 0.0 25.1 72.4 9:00 W
12 14.5 16.0 15:00 12.8 00:00 3.8 0.0 0.0 13.0 33.8 1:00 N
13 14.4 17.3 17:00 11.2 7:30 3.9 0.0 0.0 6.6 24.1 15:30 ENE
14 15.4 17.6 16:30 12.5 4:30 2.9 0.0 0.0 8.5 25.7 23:00 N
15 16.1 17.5 13:30 13.5 6:30 2.2 0.0 0.0 10.0 25.7 2:30 N
16 17.9 24.6 00:00 13.3 6:30 1.7 1.3 0.0 10.5 56.3 00:00 SSW
17 22.7 27.1 16:00 15.9 00:00 0.2 4.6 0.0 17.2 62.8 12:00 SSW
18 16.6 19.2 10:00 14.8 8:00 1.8 0.0 0.2 14.3 45.1 0:30 N
19 15.3 17.7 11:30 13.1 6:30 3.0 0.0 0.0 13.0 45.1 12:30 N
20 15.2 17.2 15:00 12.1 5:00 3.1 0.0 0.0 12.1 41.8 14:00 N
21 15.8 18.4 17:30 12.4 6:30 2.6 0.0 0.0 10.3 32.2 14:00 N
22 20.2 26.4 17:00 14.8 7:00 0.9 2.8 0.0 10.3 53.1 14:30 SSE
23 18.8 22.7 4:00 15.9 00:00 0.3 0.8 0.0 8.0 41.8 11:30 N
24 17.1 19.2 15:30 14.6 6:00 1.3 0.0 0.0 6.4 22.5 20:30 N
25 18.2 21.1 12:30 14.8 6:30 0.9 0.8 0.0 6.3 20.9 19:30 N
26 19.3 22.8 12:30 17.1 6:00 0.2 1.2 0.0 4.8 32.2 17:00 ENE
27 18.7 21.2 16:00 15.6 7:00 0.5 0.9 0.0 3.1 16.1 16:30 N
28 19.0 21.2 17:00 16.4 6:30 0.3 1.0 0.0 3.9 17.7 11:30 N
29 18.4 20.2 10:30 16.8 3:00 0.3 0.3 0.0 11.6 43.5 23:00 WNW
30 18.5 19.4 17:30 17.7 00:00 0.1 0.3 0.0 26.6 56.3 12:30 WNW
-------------------------------------------------------------------------------------
17.7 29.8 7 11.2 13 42.9 25.6 3.8 11.5 95.0 1 N
Max >= 32.0: 0
Max <= 0.0: 0
Min <= 0.0: 0
Min <= -18.0: 0
Max Rain: 3.61 ON 08/04/22
Days of Rain: 2 (> .2 mm) 1 (> 2 mm) 0 (> 20 mm)
Heat Base: 18.3 Cool Base: 18.3 Method: Integration