NOAA Reports/Αναφορές NOAA

Select a Year or Month report
2019 > Jan Feb Mar Apr May Jun Jul Aug Sep Oct Nov Dec

Report for 2019 08
                   MONTHLY CLIMATOLOGICAL SUMMARY for AUG. 2019

NAME: Heraklion Port Weather Station   CITY: Heraklion Port   STATE:  
ELEV:    10 m  LAT:  35 36' 00" N  LONG:  25 12' 00" E

                   TEMPERATURE (C), RAIN  (mm), WIND SPEED (km/hr)

                                      HEAT  COOL        AVG
    MEAN                              DEG   DEG         WIND                 DOM
DAY TEMP  HIGH   TIME   LOW    TIME   DAYS  DAYS  RAIN  SPEED HIGH   TIME    DIR
------------------------------------------------------------------------------------
 1  28.6  30.3   16:50  26.7    3:15   0.0  10.2   0.0  21.1  40.2   14:45   WNW
 2  29.4  30.6   11:55  28.2   22:25   0.0  11.2   0.0  21.6  45.1    7:55   WNW
 3  28.8  31.7   12:25  26.6    6:35   0.0  10.5   0.0  10.0  37.0   16:30   ENE
 4  28.6  30.6    9:25  26.5    3:20   0.0  10.3   0.0  14.8  49.9   10:00   WNW
 5  27.2  27.9   16:15  26.4    7:00   0.0   8.9   0.0  23.8  45.1    7:55   WNW
 6  26.6  27.8   13:05  25.7   23:50   0.0   8.3   0.0  28.0  51.5    9:30   WNW
 7  26.4  27.4   15:15  25.3    6:20   0.0   8.1   0.0  25.4  45.1   11:00   WNW
 8  26.1  28.0    9:55  23.5    6:45   0.0   7.8   0.0  13.0  46.7   14:55    NW
 9  26.6  29.2   20:35  23.0    4:15   0.0   8.3   0.0  14.5  43.5   17:00    NW
10  27.8  28.9   10:45  25.4    2:10   0.0   9.5   0.0  24.1  51.5   15:20   WNW
11  26.9  28.2    8:40  25.1    5:05   0.0   8.6   0.0  18.2  51.5   11:00   WNW
12  26.6  28.0    9:10  24.8    6:35   0.0   8.3   0.0  15.6  46.7   12:20    NW
13  26.9  28.3    8:45  24.9    1:50   0.0   8.6   0.0  13.7  46.7   12:55   WNW
14  26.5  28.3    9:40  24.6    3:00   0.0   8.2   0.0  13.8  48.3   15:20    NW
15  26.6  28.5   11:45  23.7    6:55   0.0   8.3   0.0   6.4  19.3   12:50     N
16  26.9  28.6   13:10  24.9    6:10   0.0   8.6   0.0   7.2  27.4   12:30   NNW
17  26.6  28.1   13:35  24.9    6:50   0.0   8.3   0.0   9.7  30.6   12:05   NNW
18  26.1  27.0   15:00  25.1    5:20   0.0   7.7   0.0  23.5  48.3   21:55    NW
19  25.9  27.1   14:00  25.0   22:35   0.0   7.6   0.0  25.3  43.5    0:20   WNW
20  25.4  26.2   15:00  24.6    5:25   0.0   7.1   0.0  24.5  43.5   15:35   WNW
21  25.6  26.5   14:40  23.7    7:05   0.0   7.3   0.0  20.9  41.8    5:45   WNW
22  26.6  27.9   00:00  25.1    2:30   0.0   8.3   0.0  20.9  46.7   11:50   WNW
23  27.1  28.3    3:05  25.8    6:15   0.0   8.8   0.0  21.7  49.9   11:50   WNW
24  26.9  28.2    8:30  25.6    5:40   0.0   4.5   0.0  12.2  48.3   10:30   WNW
25
26
27
28
29
30
31
-------------------------------------------------------------------------------------
    26.9  31.7     3    23.0     9     0.0 203.1   0.0  17.9  51.5     6     WNW

Max >=  32.0:  0
Max <=   0.0:  0
Min <=   0.0:  0
Min <= -18.0:  0
Max Rain: 0.00 ON 01/08/19
Days of Rain: 0 (> .2 mm) 0 (> 2 mm) 0 (> 20 mm)
Heat Base:  18.3  Cool Base:  18.3  Method: Integration